2
Evaluate (-52 - -83) + -33 + 21.
19
What is the value of 32 - (-42 + -63 - -138)?
-1
What is the value of -4 + 14 - (-102 - (9 - 39)) - (2 + 5)?
75
-22 - (-48 + -3 + 16) - (-66 - 0)
79
Calculate (-2 - (-2 - 3)) + 18 + -10 + (-6 - -34).
39
63 + (-128 - -65) + -1 + -9
-10
What is the value of (11 - -2) + 118 + 9 + (0 - 29) + -10?
101
What is the value of (4 - (1 - 13)) + -33 + -27?
-44
(6 - -6) + (20 - (-47 + 62))
17
What is -1 + -11 + 6 + 49 - (-120 - -117)?
46
Evaluate (-33 + (57 - 27) - 1) + (1 - -1 - -30).
28
Calculate 0 + -19 - ((-54 - -19) + 10) - -108.
114
Calculate (24 - 35) + -28 + (11 - -7).
-21
Evaluate -5 + (28 - ((-5 - 14) + 1 + 10 - -7)).
24
(2496 - 2500 - (-12 - -1)) + (0 - 50)
-43
What is the value of 0 + -19 + 37 + -2 + -42?
-26
What is the value of -2 + -7 + 25 + 110 + -37 + 13?
102
Evaluate 2 - 41 - (-215 - -228).
-52
Calculate 36 + 65 - 323 - -123.
-99
-32 + -39 + 184 + -131
-18
(-1 - -7) + -11 - (-1 + 9 - (-46 - 14))
-73
Evaluate -15 + (34 - 45) - -7 - 71.
-90
What is -9 - (1 - 9) - (-536 - -391)?
144
(-76 - -46 - -81) + (-2 - 6)
43
What is the value of -4 - -3 - (-47 + (23 + -24 - 11))?
58
(4 - -29) + -3 + 6 + -10 + (-5 - -1)
22
What is (29 + 2 - (-835 - -822)) + (-21 - -2)?
25
19 + -1 - ((83 - 38) + 18 + -36)
-9
What is 0 + 6 - ((1 - 3) + (-52 + -70 - -99))?
31
What is the value of 25 - (-30 + (-15 - -49))?
21
Evaluate (2392 - 2497) + 23 + -1 + -10.
-93
(-72 - -97) + (6 - (30 + -7)) + -146
-138
What is the value of -89 + (34 - -52) - (-16 + -1)?
14
What is 3 + ((12 - ((10 - 6) + 30)) + 4 - 10)?
-25
What is the value of 14 - (-7 + -80 + 0) - (-2 - -4 - -5)?
94
0 + 2 + -1 + (-103 - -14) + 83
-5
Calculate -5 + -30 - (-4 - (9 - 16) - -4).
-42
Calculate (-2 - -6) + (263 - 263).
4
What is the value of (16 - 25) + 13 + -3 + 2 - -23?
26
What is -35 - (-2 + 13 + -9 + 4) - -8 - -4?
-29
What is (2 + -14 - -7) + 64 + -6 + (-11 - -1)?
43
What is the value of (0 - -7) + 3 + -1 - 30?
-21
Calculate -52 - (-113 - -12) - (22 - 1).
28
Calculate -4 + 0 - (-124 + 133) - 16.
-29
(2 - (-8 + (-15 - -3))) + 10
32
What is the value of 29 + 103 + -143 + (2 - 8)?
-17
What is 59 - (32 + -6) - -15?
48
What is -7 + 25 + 0 + (3 - -2)?
23
What is (-8 - 7 - -16) + -13?
-12
Evaluate 1 + 12 + (-74 - -63) + 1 + -1 + 2.
4
Calculate -6 + (-19 - (-16 - 10)) + (6 - 4).
3
-5 + (101 - 44 - 38) - (116 + (-2 - -2))
-102
What is the value of -14 - ((-17 - -9) + 3 + -6)?
-3
What is the value of 20 - (37 + (12 - 56))?
27
40 + 2 + (8 - (-11 + 28))
33
-21 + (46 - (-7 + 6))
26
What is the value of 65 + -3 + -27 + (1 - 7)?
29
(22 - (-48 + 188)) + 61
-57
Calculate (-29 + 34 - (18 - -2)) + (-18 - -4).
-29
(38 - (-47 - -117)) + (136 - 9)
95
What is the value of 3 + (14 + (-1 - -21) - -11)?
48
-75 - 45 - -50 - -64
-6
What is the value of 41 + 52 + -9 + -79?
5
Calculate 21 - ((-103 - -95) + 86 + 2 - -5).
-64
What is the value of 86 + 2 + (212 - 245)?
55
Evaluate -54 - 1 - ((-14 - -20) + -20 + 6).
-47
What is 135 + (-123 - -81) - 229?
-136
Evaluate -1 - (-4 - -3) - (8 + -36) - -11.
39
(1 - 0 - 35) + (-26 - (48 + -82))
-26
What is the value of -6 - (79 - (110 - -99))?
124
What is the value of 24 - (-5 - (3 + (-4 + 8 - 11 - 9)))?
16
1 + 7 + (7 - -41) + 5
61
What is 0 + (8 + -8 - (0 + -28))?
28
26 - (-134 + 287 + -20)
-107
17 + -80 + -5 + -19 + 38
-49
Calculate (-181 - 27) + 94 + -3.
-117
Calculate (8 - -1) + -114 + 341 + -227.
9
Evaluate -40 + 25 + -53 + 45.
-23
Evaluate -28 + 86 + -52 - 9.
-3
Calculate 12 + 22 + -21 - (0 - 71 - (54 - 57)).
81
1 + 0 - ((11 - 174) + 129)
35
Evaluate -2 - -13 - (261 - 286) - 10.
26
Calculate (19 - (17 - 31 - -41)) + 14.
6
Evaluate 1 + (-3 - (-13 + 17)) + 18 - 3.
9
What is (28 - -38) + -42 + -46?
-22
Evaluate 5 - (-32 + (29 - (8 - -17) - (14 - 0))).
47
What is -24 - -42 - (122 + (9 - 22))?
-91
Evaluate (599 - 611) + (-3 - (-4 + -16)) + 1 + -5.
1
Calculate -28 + (-15 - -15) + (0 - 1 - 0) + 2.
-27
What is -32 + 19 + 97 + -56?
28
9 - 0 - (-15 + (-77 - -115) - (1 - -4))
-9
Evaluate 1 + (-93 - -1) - ((-38 + 14 - -36) + -9).
-94
What is the value of -3 - -5 - 18 - (-5 + -3 + -4)?
-4
Evaluate (3 - (-2 - -2)) + (513 - 525).
-9
What is the value of 51 - 88 - (6 - 23)?
-20
What is the value of 9 + (-6 - -24) + -32?
-5
Calculate (-2 - 18) + -20 + -9 + 34 + -15.
-30
-7 - -14 - (2 + (23 - 21))
3
What is -11 + -24 + -9 + -3 - (-21 - -20)?
-46
Calculate -2 + (-4 + (18 - 1) - 29) - -64.
46
What is -28 - (-26 - -29 - 20 - 103)?
92
What is the value of 49 + (39 - 0 - 29) - (-1 + -14)?
74
Evaluate 13 + 27 + (21 + -16 - -3).
48
What is the value of 8 + (-89 - -36) + (6 - 4 - 4)?
-47
Calculate 21 + -32 + 5 + (51 - 9).
36
What is the value of 17 - -49 - (13 - (8 - (15 - 14)))?
60
What is the value of (-2 - (-78 - -9) - (-18 + 33)) + 11?
63
What is 27 - (92 + -31) - (-112 + 9)?
69
Calculate 60 - 42 - (17 - 31).
32
Calculate -2 - (-14 + 10 + 11) - -59 - -7.
57
Calculate (10 - (-5 + -15 + 20 - -21)) + 17.
6
(2 - 29 - 25 - 18) + 0 + 3 + -8
-75
-36 - (26 + (-62 - (-13 + -19)))
-32
(18 - 27) + 20 - 44
-33
-11 - (-1 + 8 - (0 - 46)) - 9 - 0
-73
Calculate (-156 + 102 - (-6 + 3 - (-5 - -3))) + -6.
-59
Evaluate (18 - -2) + -2 - (-1156 + 1167) - -13.
20
Evaluate -21 - (-8 + (-5 - 8)) - (0 + (69 - -2)).
-71
(1 - 4 - -13) + 19 + -84 + 112
57
Calculate -32 + (20 - (7 - -12) - (1 - -4)) + -4.
-40
What is the value of (147 - 74) + -97 - (-3 + -14)?
-7
Evaluate 5 - (-37 + 68 + -44 + (-1 - -21)).
-2
Evaluate -12 + 24 + -39 - (4 - 19).
-12
Evaluate -2 + 79 + -79 + 102 + -42.
58
What is the value of -56 - (-10 - (-43 - -20)) - (5 - (-4 - 0))?
-78
Calculate 21 + (13 - (-27 - -32)) + 5 + -3.
31
What is 21 - (25 - (14 - 35))?
-25
Calculate (-91 + 61 - -52) + 27.
49
What is 16 + -17 + (15 - 3) + (-6 - -91)?
96
Calculate -14 - (11 - (36 - 31)).
-20
Calculate 13 + -47 + -132 - -106.
-60
Calculate (166 - 30) + 26 + 10 + -11 + (2 - 14).
149
Evaluate -2 + -7 + (-18 - (-1 + 1) - (121 - 131)).
-17
Calculate 28 + -171 + (17 + -25 - (-10 + 7)).
-148
What is the value of -137 - (-51 + 16 - 33)?
-69
Evaluate 46 + 26 + 14 + -32 + -22.
32
Calculate (16 - (-9 - (-36 + 15))) + -27 + -57.
-80
Evaluate 2 + -11 - (31 - 22 - (6 - -6)).
-6
(-13 - -1 - ((16 - 33) + 21 + -12)) + 35
31
Calculate 5 + 11 + 10 + -47 - -2.
-19
Calculate (6581 - 6650) + 38 + 0.
-31
What is (59 - -18) + -86 - (3 - (-3 + 58) - -2)?
41
What is the value of 11 + -5 + (0 - -3) - (185 + -147)?
-29
What is the value of (-1 - -1) + -2 + -4 + 106 + -31 + -82?
-13
What is the value of -1 - (3 + (-27 - -56))?
-33
Evaluate -55 - (-34 + -67) - 92.
-46
(-8 - -79 - 15) + (-15 - -23) + -3
61
What is (34 - 28) + -29 + 65?
42
Calculate (195 + -172 - (-2 + 16)) + -34.
-25
What is 66 + (-35 - 16) + -98?
-83
(-3 - -1) + 2 + 101 - (19792 + -19782)
91
-172 + (-21 - -92) - -52
-49
Evaluate (2 + -28 - (-454 + 464)) + 0 + 9.
-27
Calculate 65 + -27 + (-27 - (22 - 40)).
29
Evaluate 1492 + -1551 - (1 + -4 + -21).
-35
What is (-2884 - -2949) + (-57 - -1)?
9
Evaluate -32 - 0 - (6 + (5 - (-3 + 12)) - 12).
-22
Calculate -40 + (-65 - (-37 - 3)) + -1 + -12.
-78
What is 6 - (-17 - 13 - -132 - (-14 + 1) - -9)?
-118
Calculate (302 - 355) + 73 - (-1 - 26).
47
Evaluate 15 + (87 + -157 + 83 - (-5 + -1)).
34
-14 + -14 + 1 + (6 - 9) + -1
-31
Evaluate 48 + -5 + -17 - 63.
-37
-5 + 5 - ((42 - 9) + (53 - -34))
-120
What is the value of 59 + -21 + (-10 - -8)?
36
What is the value of -2 - (8 + (7 - (3 + -2)) + (-91 - -36))?
39
Evaluate (101 - (25 - -84)) + (-1 - 32).
-41
What is the value of -1038 - -1049 - ((-1 - -4) + (82 - (1 - -3)))?
-70
Evaluate -8 - 9 - (11 - (56 - -21)).
49
Calculate -6086 - -6149 - (109 - -1).
-47
Evaluate -176 + -35 - -46 - -52.
-113
What is 12 + -5 + (-14 - (-4 - (-11 + 5) - 11))?
2
3 + 1 + (-9 + -2 - -1) + 6 + 2
2
Evaluate 35 + (-12 - 0 - 30) - 111.
-118
What is -238 - -270 - (-13 + (-3 - -6) + -1)?
43
Evaluate 15 + 44 - ((1 - -2) + (9 - 12) + 8).
51
Evaluate 73 - 121 - (-52 - (-17 + -4)).
-17
What is the value of 17 + -24 + 10 - -11 - (3 - (-104 - -9))?
-84
What is -240 + 109 + -55 - -56?
-130
Calculate -3 - 11 - (27 + -32 + -97).
88
What is (1243 - 1188 - (2 - -24)) + 25?
54
What is the value of 8 - (8 + -6) - 9 - (-50 + 86)?
-39
(17 - 25 - 26) + 17 + -38
-55
Evaluate -12 + 12 - -21 - (6 + -14).
29
Calculate 89 - (-102 + 103 - -165).
-77
What is -23 + 1